t r(u) = -u**3 - 14*u**2 + 7*u + 56. Give r(-13).
-204
Let w(f) = f**2 + 27*f + 126. Give w(-8).
-26
Let w(s) = s**2 - 107*s + 2802. Calculate w(48).
-30
Let a(r) = 141*r + 29174. Calculate a(-207).
-13
Let a(f) = 2*f**3 - 11*f**2 - 4*f + 3. What is a(6)?
15
Let q(h) = -56*h - 13. Calculate q(2).
-125
Let x(f) = -60*f + 14. What is x(2)?
-106
Let p(x) = 4*x**3 + 47*x**2 - 3*x + 43. What is p(-12)?
-65
Let f(j) = -j**2 + 70*j - 214. Give f(66).
50
Let c(l) = -244*l - 6837. Give c(-28).
-5
Let a(q) = -16*q**2 + 112*q - 5. Calculate a(9).
-293
Let u(s) = 207*s + 234. What is u(-2)?
-180
Let m(u) = -4*u**3 - 40*u**2 - 32*u - 2. Give m(-8).
-258
Let b(o) = 1875*o - 4. Calculate b(0).
-4
Let f(d) = -9*d**2 + 112*d - 138. Determine f(11).
5
Let z(i) = 74*i + 5. Calculate z(1).
79
Let x(n) = -3*n + 50. Calculate x(16).
2
Let a(i) = -i**3 - 4*i**2 + 19*i + 58. Calculate a(-8).
162
Let m(g) = 74*g**3 + 4*g**2 + 4*g - 6. What is m(1)?
76
Let z(w) = -5*w**2 - 692*w - 253. Determine z(-138).
23
Let g(y) = 164*y**2 - 5*y - 1. Give g(-1).
168
Let s(l) = l**2 - 79*l + 632. Give s(81).
794
Let d(i) = -14*i - 161. Give d(-4).
-105
Let l(q) = -q**3 - 6*q**2 + 10*q + 13. Calculate l(-5).
-62
Let g(v) = -6*v**2 + 9*v - 4. Determine g(4).
-64
Let s(l) = -22*l**3 + 113*l**2 + 5*l - 96. Give s(5).
4
Let b(v) = 225*v + 722. Determine b(-4).
-178
Let o(a) = 2*a**2 + 14*a + 44. Determine o(-7).
44
Let z(y) = 9*y**2 + 54*y - 253. Give z(5).
242
Let h(t) = -1008*t + 1968. Give h(2).
-48
Let r(s) = 243*s + 469. Calculate r(-2).
-17
Let x(c) = -c**3 - 44*c**2 - 66*c + 608. Determine x(-42).
-148
Let x(m) = -m**3 - 85*m**2 - 2*m - 113. What is x(-85)?
57
Let p(i) = -i**3 + 8*i**2 + 15*i - 8. Determine p(7).
146
Let h(l) = 9*l + 260. Determine h(-10).
170
Let c(f) = -38*f + 98. Calculate c(3).
-16
Let b(k) = -3*k**3 + 13*k**2 - 2*k + 12. Give b(5).
-48
Let o(w) = 41*w**2 - 102*w - 3. Calculate o(3).
60
Let b(x) = x**2 - 23*x + 155. What is b(15)?
35
Let a(v) = 11324*v - 22646. Calculate a(2).
2
Let m(i) = -2*i**3 + 25*i**2 - 9*i + 47. Calculate m(13).
-239
Let h(m) = 2*m**2 - 26*m + 31. What is h(17)?
167
Let y(s) = -s**2 + 26*s - 37. What is y(20)?
83
Let j(v) = 1057*v + 38061. What is j(-36)?
9
Let i(n) = 2*n**3 - 2*n**2 + n - 223. Give i(0).
-223
Let v(t) = 5*t**3 + 20*t**2 + 7*t + 26. Give v(-4).
-2
Let n(b) = -b**2 - 10*b - 14. Determine n(9).
-185
Let j(d) = -d**3 + 18*d**2 + 752*d - 160. Calculate j(-20).
0
Let s(o) = 92*o - 2413. What is s(27)?
71
Let o(h) = -h**3 - 10*h**2 + 141*h - 98. Give o(-18).
-44
Let h(p) = p**2 - 8*p - 70. What is h(-5)?
-5
Let j(p) = -p**3 + 12*p**2 - 28*p + 76. What is j(10)?
-4
Let y(w) = w**2 + 20*w + 73. Determine y(-4).
9
Let i(p) = -11*p + 42. What is i(-3)?
75
Let z(l) = 4*l**2 + 23*l - 60. Give z(-14).
402
Let c(k) = -4*k**2 - 43*k - 181. Calculate c(-5).
-66
Let g(p) = -557*p - 3351. Give g(-6).
-9
Let c(m) = m**2 - 91*m + 2093. Determine c(48).
29
Let u(p) = -p**3 - 3*p**2 - 3*p + 5. Calculate u(-4).
33
Let d(z) = -z**3 - 8*z**2 + 22*z + 72. Give d(-3).
-39
Let i(f) = f**2 - 104*f + 2673. Determine i(59).
18
Let c(k) = -4*k**3 - 52*k**2 - 145*k - 5. Give c(-4).
-1
Let c(u) = -2*u**3 + 16*u**2 - 29*u - 1. What is c(5)?
4
Let k(y) = 3*y**3 + 7*y**2 - y + 4. Give k(-5).
-191
Let i(o) = -5*o**2 + o + 118. Calculate i(0).
118
Let i(p) = 38*p + 465. Give i(-12).
9
Let o(v) = -v**3 - 8*v + 66. Give o(4).
-30
Let i(q) = -130*q - 123. Determine i(-1).
7
Let y(j) = -2*j**3 + 53*j**2 + 96*j - 310. Give y(28).
26
Let f(t) = -32*t + 54. Give f(-3).
150
Let n(m) = -m**3 - 26*m**2 - 105*m + 5. What is n(-21)?
5
Let h(i) = 4414*i + 61792. Calculate h(-14).
-4
Let m(j) = j**2 - 808*j - 1629. What is m(-2)?
-9
Let p(x) = 27*x**2 - 138*x + 12. Give p(5).
-3
Let v(b) = 47*b + 204. Determine v(-6).
-78
Let a(y) = y**3 - 67*y**2 + 197*y - 325. Give a(64).
-5
Let x(l) = -2*l**2 - 20*l + 39. Give x(-12).
-9
Let w(p) = -5*p**3 - 5*p - 5. Determine w(-2).
45
Let j(h) = -h**3 - 105*h**2 + 13*h + 1371. Calculate j(-105).
6
Let p(c) = -12*c**2 - 263*c + 1271. Give p(-26).
-3
Let i(q) = q**2 + 35*q + 68. Give i(-31).
-56
Let y(v) = -v**2 + 742*v - 8045. Determine y(11).
-4
Let a(c) = 102*c**2 + 965*c + 6. Give a(-9).
-417
Let o(r) = -r**3 + r**2 - 19*r + 47. What is o(3)?
-28
Let n(u) = -u**3 + 11*u**2 + 59*u - 274. Calculate n(5).
171
Let t(v) = v**3 + 19*v**2 - 116*v - 5. Determine t(-24).
-101
Let c(m) = m**3 - 15*m**2 - 47*m + 11. Calculate c(-3).
-10
Let l(x) = x**3 + 24*x**2 + 109*x + 4. What is l(-10)?
314
Let v(r) = -212*r**3 + 9*r + 9. Give v(-1).
212
Let t(z) = 152*z - 605. Calculate t(4).
3
Let b(v) = -2*v**2 + 49*v - 283. Determine b(12).
17
Let v(l) = 11*l**3 + l**2 + 9*l + 30. Determine v(-2).
-72
Let n(k) = -k**2 + 35*k - 136. What is n(26)?
98
Let t(n) = 8*n + 317. Determine t(-41).
-11
Let n(t) = t**2 + 25*t + 20. Give n(-17).
-116
Let j(z) = -821*z - 4102. Determine j(-5).
3
Let d(m) = -m**3 - 7*m**2 + 76*m - 21. Give d(-13).
5
Let q(k) = k**2 + 22*k - 167. Give q(-29).
36
Let l(f) = 12*f + 95. Determine l(-6).
23
Let g(z) = 13*z**2 + 1542*z + 950. Give g(-118).
6
Let i(p) = -3*p**3 - 3*p**2 + 9*p + 14. What is i(-2)?
8
Let i(h) = h**3 - 7*h**2 - 3*h + 11. Calculate i(8).
51
Let i(k) = 3*k**3 - k**2 + 5*k + 10. Determine i(0).
10
Let a(o) = -2*o**3 - 27*o**2 + 19*o + 64. Determine a(-14).
-6
Let l(k) = k**3 + 34*k**2 - 51*k - 17. Determine l(-36).
-773
Let k(a) = -a**2 + 19*a - 33. Determine k(11).
55
Let k(s) = 41*s + 4588. Determine k(-112).
-4
Let m(c) = c**3 - 41*c**2 + 5*c - 125. Determine m(41).
80
Let q(f) = -5*f**2 + 10*f + 67. What is q(-3)?
-8
Let b(l) = -7*l**2 + 96*l + 33. Give b(14).
5
Let q(z) = -135*z**3 - 5*z**2 - 3*z + 1. Calculate q(-1).
134
Let s(x) = 19*x**2 - 440*x + 65. Give s(23).
-4
Let b(f) = -8*f**2 + 97*f + 73. Give b(13).
-18
Let m(g) = 103*g + 1036. Calculate m(-10).
6
Let a(s) = -8*s**2 + 58*s - 435. Determine a(7).
-421
Let v(f) = 21*f + 345. Determine v(-20).
-75
Let k(j) = -107*j + 4497. Give k(42).
3
Let l(j) = -208*j - 423. Calculate l(-2).
-7
Let u(t) = 5*t + 564. Determine u(-113).
-1
Let v(y) = -62*y + 174. Calculate v(3).
-12
Let m(k) = 14831*k + 14814. What is m(-1)?
-17
Let x(l) = l**3 + 34*l**2 + 143*l - 79. Determine x(-6).
71
Let a(w) = 2478*w + 4949. What is a(-2)?
-7
Let r(q) = 519*q + 2232. Determine r(-5).
-363
Let x(a) = 27*a**2 + 164*a - 2. What is x(-6)?
-14
Let f(j) = 1420*j + 140580. Give f(-99).
0
Let i(v) = 21*v + 1496. What is i(-71)?
5
Let u(b) = -181*b + 3380. Give u(18).
122
Let s(d) = d**3 - 14*d**2 + 26*d - 216. Determine s(13).
-47
Let n(y) = 41*y - 1987. Give n(62).
555
Let t(p) = 2*p**2 - 5*p - 23. Give t(4).
-11
Let j(m) = 5*m**3 + 3*m**2 - 9*m + 1. Calculate j(-2).
-9
Let z(t) = t**3 - 72*t**2 - 93*t - 4069. What is z(74)?
1
Let c(n) = 6*n**2 - 83*n - 26. Give c(14).
-12
Let r(d) = -d**3 + 23*d**2 - 59*d + 5. Give r(3).
8
Let m(w) = -67*w - 1147. Calculate m(-17).
-8
Let t(w) = 32*w + 947. Give t(-29).
19
Let s(w) = 630*w - 3127. Calculate s(5).
23
Let o(z) = -24*z**2 + 487*z - 147. What is o(20)?
-7
Let j(p) = -196*p + 1138. Give j(6).
-38
Let h(o) = -58*o - 1087. What is h(-19)?
15
Let s(m) = -13*m**2 + 2*m - 15. What is s(-4)?
-231
Let m(o) = -3*o**3 + 4*o**2 - 18*o - 9. What is m(0)?
-9
Let m(x) = 3*x + 217. What is m(-42)?
91
Let o(f) = 176*f + 8. What is o(-2)?
-344
Let b(s) = -2*s**3 + 57*s**2 - 160*s + 800. Calculate b(26).
20
Let w(i) = i**3 - 121*i**2 - 245*i - 110. Calculate w(123).
13
Let c(s) = s**3 - 4*s + 48. Determine c(0).
48
Let g(s) = s**2 + 93*s - 908. Calculate g(9).
10
Let r(l) = -l**3 + 73*l**2 - 84*l + 883. Calculate r(72).
19
Let y(f) = 40*f**2 - 115*f + 323. Determine y(3).
338
Let f(z) = z**3 + 11*z**2 - 56*z - 412. What is f(-13)?
-22
Let n(v) = 28357*v - 56721. What is n(2)?
-7
Let t(y) = 3*y**2 - 5*y - 36. What is t(-4)?
32
Let r(k) = 3*k**2 - 58*k + 5. What is r(11)?
-270
Let a(n) = n**3 + 7*n**2 + 4*n + 15. Calculate a(0).
15
Let h(j) = 105*j + 23205. What is h(-221)?
0
Let n(x) = -9*x**2 + 17*x - 12. What is n(4)?
-88
Let m(h) = -5*h**2 - 3*h - 17. Calculate m(-2).
-31
Let x(r) = r**3 - 2*r**2 - 21*r + 47. What is x(0)?
47
Let v(t) = t**2 - 34*t - 896. What is v(-14)?
-224
Let a(p) = -74*p**2 + 3332*p - 88. Calculate a(45).
2
Let o(h) = -h**